 v.
9
Let c(o) = o**2 + 12*o + 11. Let k be c(-11). Suppose -20 + k = -5*a. Suppose y = -y + a, 136 = 4*f + 4*y. Calculate the highest common divisor of f and 4.
4
Let c(x) = x**3 - 9*x**2 - 25*x - 32. Let m be c(12). Calculate the highest common divisor of m and 60.
20
Let u = 53 - 50. Let h = 544 - 284. Suppose 0 = u*b + 2*b - h. What is the greatest common divisor of b and 130?
26
Suppose -10*o + 8*o = -8. Let j = 76 + -70. What is the highest common divisor of o and j?
2
Suppose 0 = 366*w - 363*w - 4*a - 286, w = -5*a + 127. What is the greatest common factor of w and 24?
6
Suppose -3*u - y + 10 + 11 = 0, 2*u = 2*y + 6. Let t be (-2)/(-3)*(15 + u). Calculate the highest common divisor of t and 42.
14
Suppose -5 = -4*b + 3. Suppose -b*a = -234 - 206. Suppose -8*m + 4*m = -a. Calculate the highest common factor of 5 and m.
5
Let h(v) = -v**3 + v**2 - 3*v. Let n be h(7). Suppose 0 = 2*y + 2*y + 800. Let o = y - n. What is the greatest common factor of 23 and o?
23
Let o(j) = -11*j**3 + 0*j**2 + 9*j**3 - j - 11*j**3 - 2*j**2. Let g be o(-1). Suppose 0 = -5*i + 245 + 55. Calculate the highest common factor of g and i.
12
Suppose x = 4*g - 1791, -2*x - 131 = 5*g - 2373. Calculate the highest common factor of 56 and g.
56
Suppose -7*s + 5*s + a = -34, 5*a - 17 = -s. Let c be (-1)/(-3) + (-407)/(-3). What is the greatest common divisor of s and c?
17
Let f = 60 - 57. Let d be 9/f - (2 - 2). Calculate the highest common factor of d and 6.
3
Suppose 0 = 3*r + r - 920. What is the highest common divisor of r and 46?
46
Let u be -1*(-4 - -5)*-3. Suppose 2*r - 5*a - 370 = 0, -u*a + 538 = 3*r - 2*a. Calculate the greatest common divisor of r and 20.
20
Let d = 1175 + -769. What is the highest common divisor of d and 58?
58
Suppose -9*o - 2*c = -5*o - 122, -4*o - c = -125. What is the highest common factor of 104 and o?
8
Let z be (-3 - 3)/(9/6). Let i = 6 - 4. Let w be (-22)/z + (-1)/i. Calculate the highest common divisor of w and 20.
5
Suppose 0*p - p - 188 = 0. Let j be 3/(-4 - -1)*-3. Let n be p/(-20) + j/5. What is the greatest common factor of n and 40?
10
Suppose -u - 2*j + 590 = 0, -1 - 5 = 3*j. What is the highest common divisor of 66 and u?
66
Let y be 93*(1/4)/(33/(-44)). Let f = -4 - y. What is the greatest common divisor of 3 and f?
3
Suppose 2*z = -3*w + 1021, -2*w + 2*z + 496 = -198. Let y be (33 - -16)/(1 + 0). Calculate the greatest common divisor of y and w.
49
Let a be -2 + (-4 - -91)*1. Suppose -a + 5 = -h. Let z(u) = u**3 + 8*u**2 + 6*u + 3. Let g be z(-7). What is the highest common factor of h and g?
10
Let p(d) = 8*d**3 - 2*d**2 - 132*d + 393. Let f be p(3). What is the greatest common factor of 165 and f?
15
Suppose 76 + 460 = 4*q. Let u = -105 + q. Calculate the highest common divisor of u and 232.
29
Suppose -4*r = -2*r + 6. Let m be (-1 + 2/r)/(22/(-66)). Calculate the highest common divisor of m and 45.
5
Let w be (-9)/(-15) - (-42)/5. Suppose 3*t - 8 - 73 = 0. What is the highest common factor of w and t?
9
Let r(x) = 3*x**2 + 10*x + 78. Let z be r(-7). What is the greatest common divisor of z and 31?
31
Suppose j - 5*l - 29 = 0, -10*j - l + 23 = -7*j. Let v = 175 + -76. Calculate the greatest common factor of j and v.
9
Let h(x) = -x**3 + 11*x**2 - 10*x + 12. Let a be h(9). Let k be (-24)/a*28/(-2). Suppose n + 105 = k*n. What is the greatest common factor of n and 5?
5
Let t be (-9 - 756/(-20))*30. Calculate the greatest common factor of 72 and t.
72
Let y(b) = b - 9. Let x be y(7). Let o be (-2 - -5)/((-1)/x). Suppose -4*h - 92 = -4*g, 18*g - 13 = 17*g - h. What is the highest common factor of g and o?
6
Let x(a) = -a**3 + 8*a**2 + 2*a - 1. Let r be x(8). Let d = -15 - -25. Calculate the highest common divisor of r and d.
5
Let d be 240/5*(-2)/(-4). Calculate the highest common divisor of 24 and d.
24
Suppose -2*r - 134 = -4*f, 2*f + 3*r + 34 = 89. What is the highest common divisor of 40 and f?
8
Let w(q) = -3*q - 10. Let m(u) = -u**2 - 3*u - 6. Let t be m(-2). Let y be w(t). What is the highest common factor of y and 18?
2
Let y = 26 + -67. Let o = y + 73. What is the highest common divisor of o and 8?
8
Let k(v) = v**2 + 9*v + 8. Let z be k(-8). Let h be 1/2*(6 + z). Suppose -h*l + 11 = a - 0*a, -5*l + 9 = -3*a. Calculate the highest common factor of 4 and a.
2
Suppose 5*c = -30*v + 34*v - 375, -4*v + 2*c = -390. Calculate the highest common factor of v and 340.
20
Let o = -1221 - -1739. What is the highest common factor of 148 and o?
74
Suppose -h - 500 = -4*c, 9*c - 3*h = 14*c - 625. Calculate the highest common factor of c and 75.
25
Suppose -l + 4*l = q + 1, -2*q + 5*l = 1. What is the greatest common divisor of q and 564?
2
Let p(n) = 27*n - 1. Let w be p(1). Calculate the greatest common divisor of 1222 and w.
26
Let s(d) = 2*d**2 - 5. Let q be s(-2). Suppose -c - 2 = -t, 0*t - 5*c - q = 2*t. What is the greatest common divisor of 7 and t?
1
Suppose 3*h + 84 = 3*m + 5*h, -2*m - h = -57. Suppose 0 = 4*b + b - 20. Suppose m - 114 = -b*g. What is the highest common divisor of g and 3?
3
Let m be (3740/(-13))/(-2) - 80/(-520). What is the greatest common factor of m and 81?
9
Suppose 955 - 205 = 2*d - h, 4*d + h = 1500. Calculate the highest common factor of d and 175.
25
Suppose p = -3*p + 4*t + 44, -3*t = -4*p + 45. What is the highest common factor of p and 84?
12
Suppose -3*v + v = 0. Suppose 4*h - 2*f = -14, -4*h - f + 0*f - 11 = 0. Let t be v - (-4 + -13) - h. What is the highest common divisor of 50 and t?
10
Let t(b) = -4*b**2 - 30*b + 4*b**3 + 32*b + 9 - 5*b**3. Let q be t(-5). Let s be (-8)/(-52) - (-37)/13. What is the greatest common factor of q and s?
3
Let g(r) = -8*r**2 + 155*r - 16. Let p be g(19). Calculate the highest common divisor of 2 and p.
1
Let k(t) = -12*t + 10. Let n be k(-11). Let y be 14/(-98) + n/14. Let g = 26 + y. Calculate the greatest common factor of 4 and g.
4
Suppose -417 = -i - 2*i - 5*o, i + 5*o = 149. Let g = i - 69. What is the greatest common divisor of g and 26?
13
Suppose -4*d + 5*d = 8. Let a be (-198)/(30/(-20) + 6/d). What is the greatest common factor of a and 24?
24
Let z be 6*2/(-6)*-4. Let p(f) = 2*f**2 - 4*f - 9. Let r be p(z). Calculate the greatest common divisor of r and 58.
29
Suppose -3*n + 141 = -4*h - 129, 3*n = h + 270. Let u = -58 + n. Calculate the highest common factor of u and 16.
16
Suppose 10*d - 5*d - 380 = 0. Let p = d + 69. What is the greatest common factor of 29 and p?
29
Let f = -32 - -34. Let x(z) = 15*z + 7. Let q be x(f). What is the greatest common divisor of q and 37?
37
Let j = -278 - -600. Calculate the highest common divisor of j and 14.
14
Let y = -30 + 84. Calculate the highest common factor of y and 6.
6
Let l be 40/5 + (-6448)/(-8). Calculate the highest common factor of 22 and l.
22
Let l = 85 + -41. Let h = l - 19. Calculate the greatest common factor of h and 15.
5
Let s(t) = t**3 - 2*t**2 + t + 1638. Let p be s(0). Let u be ((-6)/(-7))/(2/p*9). Calculate the highest common factor of u and 13.
13
Let w(i) = -2*i - 9. Let u be w(-6). Suppose 0 = -u*s + 22 + 17. Calculate the highest common divisor of 52 and s.
13
Let i(g) = g**3 - 12*g**2 + 12*g - 13. Let t be i(11). Let a(w) = -24*w - 8. Let k be a(t). Calculate the highest common divisor of 8 and k.
8
Let w = 240 - 195. Calculate the greatest common factor of w and 60.
15
Let u be (4/(-10) + 0)*-5. Suppose 109 - 139 = -3*y. What is the greatest common factor of u and y?
2
Let x be (3/10*-4)/((-9)/30). Suppose -226 + 2 = -x*o. Calculate the highest common divisor of o and 112.
56
Suppose -4*p - 7 = -3*j + 102, -2*j + 2*p = -70. Let l = 52 - j. Calculate the highest common divisor of 84 and l.
21
Let b be -24*7/(-14) - 2. Let m(l) = -16*l + 4. Let a be m(-6). Suppose a = 4*t - 0*t. What is the highest common divisor of t and b?
5
Suppose 3*n + 0*k - 50 = k, -6 = 3*k. Let b be 20 - (-5)/((-20)/16). What is the greatest common divisor of b and n?
16
Suppose 7*d - 26 = -5. Let c(y) = 3*y**2 + 4*y - 7. Let i be c(d). Suppose -2*u - n = -10, 4*n = 3*u - 7*u + 24. What is the greatest common divisor of i and u?
4
Let r be 3 + -1 + 0/18. Suppose -3*z - 52 = -r*g, 5 = -2*z - 3. Let w = 6 - -44. Calculate the highest common divisor of g and w.
10
Let h(z) = 3 - 3 + 9 - z + 0*z. Let j be